 common divisor of 667 and 690.
23
Calculate the greatest common divisor of 868 and 532.
28
What is the highest common factor of 2905 and 83?
83
Calculate the greatest common divisor of 198 and 627.
33
What is the greatest common factor of 658 and 42?
14
What is the highest common factor of 48 and 348?
12
Calculate the highest common factor of 57 and 646.
19
Calculate the greatest common factor of 1 and 1152.
1
What is the highest common divisor of 1400 and 50?
50
What is the highest common factor of 72 and 459?
9
What is the greatest common factor of 1035 and 45?
45
What is the greatest common divisor of 154 and 42?
14
What is the highest common divisor of 1331 and 22?
11
Calculate the greatest common divisor of 273 and 39.
39
What is the greatest common factor of 60 and 320?
20
Calculate the greatest common divisor of 176 and 88.
88
What is the greatest common factor of 4459 and 130?
13
Calculate the highest common divisor of 40 and 808.
8
What is the highest common factor of 132 and 198?
66
Calculate the greatest common divisor of 13 and 10699.
13
What is the highest common divisor of 154 and 35?
7
Calculate the greatest common factor of 15 and 8345.
5
Calculate the highest common divisor of 324 and 612.
36
Calculate the greatest common factor of 123 and 41.
41
What is the highest common factor of 104 and 35594?
26
What is the highest common factor of 280 and 10248?
56
Calculate the highest common divisor of 22 and 6.
2
Calculate the greatest common divisor of 231 and 5621.
77
Calculate the highest common factor of 10 and 2670.
10
Calculate the greatest common factor of 448 and 7.
7
Calculate the highest common factor of 80 and 400.
80
What is the greatest common divisor of 6 and 2694?
6
What is the highest common factor of 24 and 2424?
24
What is the highest common factor of 2597 and 53?
53
Calculate the highest common factor of 279 and 2139.
93
What is the highest common divisor of 5590 and 26?
26
What is the highest common divisor of 23 and 368?
23
Calculate the highest common divisor of 18 and 9054.
18
What is the highest common factor of 1287 and 198?
99
Calculate the greatest common divisor of 1304 and 19234.
326
What is the highest common divisor of 23258 and 87?
29
What is the greatest common factor of 66 and 528?
66
What is the highest common factor of 1298 and 2?
2
What is the highest common divisor of 171 and 456?
57
Calculate the greatest common divisor of 966 and 826.
14
What is the greatest common factor of 72 and 54?
18
Calculate the highest common divisor of 1673 and 28.
7
Calculate the highest common divisor of 1455 and 20.
5
Calculate the highest common factor of 164 and 369.
41
What is the highest common divisor of 273 and 105?
21
Calculate the greatest common factor of 3710 and 140.
70
Calculate the greatest common divisor of 416 and 78.
26
Calculate the highest common divisor of 22 and 1562.
22
Calculate the greatest common factor of 156 and 416.
52
What is the greatest common divisor of 423 and 799?
47
Calculate the highest common divisor of 10 and 190.
10
What is the highest common factor of 817 and 19?
19
Calculate the greatest common divisor of 335 and 469.
67
What is the greatest common divisor of 358 and 4475?
179
What is the greatest common factor of 1298 and 264?
22
What is the greatest common divisor of 244 and 16?
4
Calculate the greatest common factor of 196 and 20.
4
Calculate the greatest common factor of 14 and 434.
14
Calculate the highest common factor of 12488 and 56.
56
What is the greatest common factor of 1 and 1936?
1
What is the greatest common factor of 266 and 76?
38
Calculate the highest common divisor of 3562 and 137.
137
Calculate the highest common divisor of 504 and 288.
72
What is the greatest common factor of 11520 and 18?
18
Calculate the highest common factor of 174 and 12.
6
Calculate the highest common divisor of 152 and 17746.
38
Calculate the highest common factor of 273 and 147.
21
What is the greatest common divisor of 2070 and 9?
9
What is the highest common factor of 890 and 10?
10
What is the greatest common factor of 85 and 85?
85
What is the highest common factor of 12 and 1950?
6
Calculate the highest common factor of 33 and 723.
3
Calculate the greatest common divisor of 350 and 800.
50
Calculate the greatest common divisor of 1296 and 1107.
27
What is the highest common factor of 959 and 411?
137
What is the highest common divisor of 196 and 364?
28
What is the greatest common factor of 10 and 1368?
2
What is the greatest common factor of 71 and 20661?
71
Calculate the highest common factor of 888 and 48.
24
What is the greatest common factor of 7120 and 160?
80
What is the greatest common factor of 304 and 95?
19
What is the highest common divisor of 40 and 540?
20
What is the greatest common factor of 4592 and 112?
112
What is the greatest common factor of 203 and 21?
7
What is the highest common divisor of 217 and 62?
31
What is the greatest common factor of 99 and 1818?
9
What is the highest common factor of 8 and 500?
4
Calculate the greatest common factor of 7 and 644.
7
Calculate the greatest common divisor of 2344 and 293.
293
Calculate the highest common factor of 33 and 297.
33
What is the greatest common divisor of 196 and 112?
28
What is the greatest common divisor of 375 and 30?
15
What is the highest common factor of 30 and 3612?
6
Calculate the greatest common divisor of 345 and 375.
15
Calculate the highest common factor of 1378 and 962.
26
Calculate the highest common factor of 48 and 696.
24
Calculate the greatest common factor of 39 and 416.
13
Calculate the greatest common divisor of 560 and 175.
35
What is the highest common factor of 2499 and 294?
147
Calculate the greatest common factor of 1026 and 54.
54
Calculate the highest common divisor of 102 and 12.
6
Calculate the greatest common factor of 507 and 39.
39
Calculate the highest common factor of 576 and 9.
9
What is the highest common divisor of 216 and 32?
8
Calculate the highest common divisor of 6 and 4638.
6
What is the highest common divisor of 201 and 14204?
67
Calculate the greatest common divisor of 2375 and 38.
19
What is the greatest common divisor of 63 and 27?
9
What is the greatest common factor of 184 and 8?
8
What is the greatest common factor of 13 and 42419?
13
Calculate the highest common divisor of 120 and 408.
24
Calculate the greatest common factor of 192 and 23232.
192
What is the greatest common divisor of 561 and 33?
33
Calculate the highest common factor of 18 and 2934.
18
Calculate the highest common divisor of 209 and 11.
11
What is the highest common factor of 252 and 63?
63
What is the greatest common divisor of 120 and 348?
12
Calculate the greatest common divisor of 13 and 299.
13
Calculate the greatest common divisor of 3870 and 48.
6
Calculate the highest common factor of 896 and 2464.
224
Calculate the highest common divisor of 172 and 215.
43
Calculate the highest common divisor of 24 and 296.
8
Calculate the highest common divisor of 15 and 485.
5
What is the greatest common factor of 12738 and 66?
66
Calculate the greatest common factor of 10767 and 111.
111
Calculate the highest common divisor of 396 and 18.
18
What is the highest common divisor of 6625 and 125?
125
What is the highest common factor of 134 and 2546?
134
What is the greatest common divisor of 136 and 187?
17
What is the greatest common factor of 1334 and 174?
58
What is the greatest common factor of 256 and 144?
16
Calculate the greatest common factor of 800 and 100.
100
What is the greatest common divisor of 3170 and 30?
10
What is the highest common divisor of 85 and 7565?
85
Calculate the greatest common divisor of 11242 and 154.
154
What is the greatest common divisor of 48 and 78?
6
Calculate the highest common divisor of 16 and 18368.
16
What is the greatest common factor of 638 and 29?
29
What is the highest common factor of 96 and 36?
12
What is the highest common divisor of 155 and 961?
31
Calculate the greatest common divisor of 32 and 8176.
16
What is the greatest common divisor of 51 and 697?
17
What is the highest common factor of 27 and 94068?
27
What is the greatest common factor of 2494 and 58?
58
Calculate the greatest common factor of 24 and 912.
24
What is the highest c